 1/(-4) + (-51)/(-12). Let t(p) = -p - 28. Let s be t(-4). What is the tens digit of s/i + 2 + 41?
3
Suppose 3*p = -5*t + 1, -5*t + 0 = -4*p + 13. What is the hundreds digit of (-8)/(-20)*t - 1004/(-10)?
1
Let l(u) = 75*u**2 - 8*u - 72. What is the tens digit of l(-5)?
4
Suppose -2*o = -3*z + 133, 0*o - 370 = 5*o + 5*z. Let m = o - -147. What is the units digit of m?
6
Let w = 988 + -658. What is the units digit of w?
0
Suppose 12*b - 1321 = 2627. What is the hundreds digit of b?
3
Let u(l) = l**3 + 3*l**2 - 2*l - 6. Let g be u(-3). Suppose 3*f - 9 = g, -i + 938 = 4*i + f. What is the tens digit of i?
8
Let y(m) = 3 - m + 3*m + 0*m. Let t(q) = -q**3 + 2*q + 6. Let o be t(0). What is the units digit of y(o)?
5
Let l = 8 - 5. Let u = 12 + l. What is the tens digit of u?
1
Let k = 43 - 17. What is the hundreds digit of k/78 + 652/6?
1
Let k = -73 - -170. Let r = 182 - k. What is the units digit of r?
5
Let f(l) = 184*l**2. Let n be f(-1). Let u = n - 283. Let s = 140 + u. What is the tens digit of s?
4
Suppose -3*a - 3*u + 15 = 0, 8*u - 17 = -3*a + 3*u. Suppose 9 = 7*p - a*p. Suppose -p*z = 2*z - 80. What is the units digit of z?
6
Suppose 0 = -5*s + 1552 + 643. What is the hundreds digit of s?
4
Let u be (-2 - -2)*-2*2/8. Suppose -4*d + 5*n = -679, d - 3*d - 3*n + 323 = u. What is the units digit of d?
6
Let d = -117 + 499. What is the tens digit of d?
8
Let l(u) = -u**3 - 12*u**2 - 2*u - 8. Let z be (-3)/2 - (-58)/(-4). Let q = 4 + z. What is the tens digit of l(q)?
1
Let c = 137 - 95. Suppose 11 = -d + c. What is the tens digit of d?
3
Let z(n) = -n**2 - 11*n - 16. Let c be z(-9). Suppose c*k - 55 = 17. What is the units digit of k?
6
Let l(q) = 18*q + 18 - q**2 + 5*q - 34*q. What is the units digit of l(-12)?
6
Suppose -h - 1 = -3. Suppose j - 61 = 4*p, -2*j = -4*j + 2*p + 98. Suppose -h*w + j = -a, -a + 31 = 4*w - 50. What is the units digit of w?
1
Suppose 19754 = 20*k - 6*k. What is the thousands digit of k?
1
Suppose 2*x + 275 = p - 116, -4*x + 5*p - 779 = 0. Let h = 341 + x. What is the units digit of h?
5
Let y = -212 + 1080. What is the hundreds digit of y?
8
Suppose 6*f + 44 = 10*f. Let s = f + -9. Suppose 0 = 2*j - 8, 3*j + j = s*u - 54. What is the tens digit of u?
3
Suppose 0 = -2*f - 5*w + 20, 30 = 3*f + 3*w - 0*w. Suppose 3*u - f + 1 = 0. Suppose 8 + u = o. What is the units digit of o?
1
Suppose -3*b + 2632 = -s, b - 41*s = -43*s + 889. What is the tens digit of b?
7
Suppose -5*r - 38 = -4*p, -4*r + 2*r - 2*p - 8 = 0. Let s = 8 + r. Suppose -h + 15 = s*h. What is the units digit of h?
5
Suppose 19*b = -30*b + 56154. What is the hundreds digit of b?
1
Let z = -63 - -67. Suppose -a + 182 = 2*q, a + z*q - 712 = -3*a. What is the units digit of a?
4
Suppose 6*r - 2941 = -955. What is the tens digit of r?
3
Let z(n) = -2*n**3 - 7*n**2 + 8*n - 1. What is the tens digit of z(-7)?
8
Let n(w) = -81*w - 30. What is the tens digit of n(-10)?
8
Suppose 14504 = -267*l + 274*l. What is the thousands digit of l?
2
Let i = -443 - -1945. What is the tens digit of i?
0
Suppose 0 = 25*m + 2567 - 35117. What is the tens digit of m?
0
Suppose -3213 = -z - 5*m, -5*m = -5*z - 0*m + 16095. What is the thousands digit of z?
3
Let a = -326 + 544. What is the tens digit of a?
1
Let f = -86 - -213. Suppose -4*j = 3*a - f, 122 = 4*j - 0*j - 2*a. What is the tens digit of j?
3
Let q = -286 - -778. What is the tens digit of q?
9
Suppose 0 = 5*o - 10, -o = 3*m + m - 18. Suppose -3*b = -m*b + 3. Suppose t - 2 = 2, -5*k = -b*t - 263. What is the tens digit of k?
5
Let j be (-3 - 0/(-4))/((-1)/95). Suppose j = -7*q + 852. What is the units digit of q?
1
Suppose -12 = n - 3*n. What is the tens digit of (18/(-7))/(n/(-56))?
2
Let d(h) = -63*h - 3. Let m(y) = 5*y - 44. Let u be m(8). What is the hundreds digit of d(u)?
2
Let b = -260 + 369. Let r = -28 + b. What is the units digit of r?
1
Suppose c - 2175 = -4*c. Suppose -4*s = 4*d - 316, -5*s + 0*d + 5*d = -c. What is the tens digit of s?
8
Suppose 4*z = -f + 17175, 28*f - 8601 = -2*z + 23*f. What is the hundreds digit of z?
2
Suppose -y - 5*r + 72 = 0, -4*r = 5*y - 28 - 395. Suppose -87 = -z + 2*u, -2*u + 5*u = -z + y. What is the units digit of z?
7
Let r = 30 + 2. Let k be 3*r/(-12)*-1. Suppose 3*m = k*m - 280. What is the units digit of m?
6
Let z = 19 + -5. Let f be z + ((-24)/(-4) - 4). What is the units digit of (-1 + f + -2)*1?
3
Let a(k) be the second derivative of 7*k**4/12 - k**3/3 + 6*k**2 - 13*k. What is the hundreds digit of a(-6)?
2
Let d be ((-1470)/(-56))/(3/(-24)*-2). Let v = 131 + d. What is the hundreds digit of v?
2
Suppose 0 = 40*k - 39*k - 157. What is the hundreds digit of k?
1
Let n(o) = o**3 - 13*o**2 + 12*o - 9. Let d be n(8). Let h = d + 411. What is the hundreds digit of h?
1
Suppose -w - 2*h = 3, 0*w - 2*w + 2 = 2*h. Suppose w*g - 305 = 155. Suppose -u + 69 = 3*m, 0*u + 5*u = 4*m - g. What is the tens digit of m?
2
Let a = 24 - 22. Suppose 1 = w - a. What is the units digit of ((-2)/w)/((-7)/21)?
2
Suppose -3*h = -j - 329, 5*h + 7*j = 2*j + 515. Let w = -63 + h. What is the tens digit of w?
4
Let g(i) be the first derivative of i**2 - 12. Let k be g(1). Suppose x + 2*x = -5*d + 165, -5*d = -k*x - 190. What is the tens digit of d?
3
Let n(x) = -14*x - 81. Let j be n(-6). Suppose -7*v + 6*v = 4*k - 895, 3 = -j*v. What is the units digit of k?
4
Suppose 7 = -2*j + 3*a - 29, -3*a - 72 = 4*j. Let c = 194 - j. What is the hundreds digit of c?
2
Suppose 2*b - 2*u = 1212, 2*u + 2419 = 4*b - u. What is the tens digit of b?
0
Let j = -263 + -253. Let m = -345 - j. What is the units digit of m?
1
Let y(a) = -2*a - 10. Let x be y(-6). What is the units digit of 1/x + 429/22?
0
Let x(m) be the third derivative of -m**4/12 + 4*m**3 + 9*m**2. Let l be x(12). Suppose 6 = -l*u + u. What is the units digit of u?
6
Let b = -1 + 1. Let i be -2 - (-7)/(14/4). Suppose b*s - 3*s + 72 = i. What is the units digit of s?
4
What is the tens digit of 3 + 228*(-3)/((-54)/78)?
9
Let z(x) = x**2 - 6*x - 1. Let w be z(5). What is the units digit of 2/((-3)/(153/w))?
7
What is the units digit of (-53493)/(-51) + (-102)/(-867)?
9
Let p be 2 - (2/(-2) + 1). Let r(c) = -c - 1. Let k(d) = -d**2 + 6*d + 4. Let v(w) = -k(w) - 5*r(w). What is the units digit of v(p)?
3
Let w = 3475 - 2358. What is the hundreds digit of w?
1
Suppose 0 = 2*w - 0 - 4. Let v be (-1 - -1)*(1 - w). Suppose 2*k - 1 + 9 = 0, v = 2*m + 2*k - 60. What is the units digit of m?
4
Suppose -3*l + 2*u = -442, -2*l - u = -4*l + 293. Suppose 0 = -5*t - r + l, 3*t - 2*r - 31 = 2*t. What is the units digit of t?
9
Suppose -30*p + 511 = -23*p. Let h = 120 - p. What is the units digit of h?
7
Suppose -10*f = -9 + 9. Suppose 5*m - 4 + 29 = f, 3*m = 4*t - 1307. What is the units digit of t?
3
Suppose -29*q + 21*q = -16. Suppose 325 - 1 = q*r. What is the units digit of r?
2
Suppose 4*q = -3*c + 211, 2*c + c = -9. Let v = q + -29. What is the tens digit of 1*3 + v + -10?
1
Let p(w) = w**3 + 8*w**2 - 4*w + 5. Let g be p(-8). Let u = g + 121. What is the tens digit of u?
5
Suppose 1408 = 6*s - 2048. What is the hundreds digit of s?
5
Let z(c) = -8*c - 3 + 0 - 4 - c**2 + 0. Let m be z(-6). Let g(v) = -v**2 + 12*v - 2. What is the tens digit of g(m)?
3
Suppose -5*v + 4*b = -186, v = 2*v + 3*b - 41. Let h = -12 + 4. What is the units digit of (-11 - h)*v/(-3)?
8
Suppose 4*y = q + 1848, -5*q - 1393 = -3*y - 6*q. What is the tens digit of y?
6
Suppose 98 + 33 = -y. Let p = y + 69. What is the units digit of p*4/20*-5?
2
Let f(r) = -18*r + 4. Let g(l) = -17*l. Let h(v) = 34*v - 1. Let x(z) = 5*g(z) + 3*h(z). Let u(j) = 2*f(j) + 3*x(j). What is the units digit of u(3)?
4
Suppose z + 109 = 579. What is the hundreds digit of z?
4
Let u(w) = 24*w**2 - 158*w - 1108. What is the hundreds digit of u(-7)?
1
Let u = 17 - 14. Let p be 10*-1*u/(-2). Suppose 0 = 5*i - 15 - p. What is the units digit of i?
6
Suppose 0*k + 16 = 4*k. Suppose 0 = -0*c + k*c - 36. What is the units digit of 93*6/c*1?
2
Suppose -249*x = -240*x - 22644. What is the thousands digit of x?
2
Let x = -2007 - -5653. What is the hundreds digit of x?
6
What is the tens digit of (392 - 2)*75/45?
5
Let t = -16 - -7. Let f(c) = -3*c + 14. What is the units digit of f(t)?
1
Let v(u) = -4*u + 30. Suppose 0 = w + 4*